{"id":60,"date":"2022-10-16T17:41:34","date_gmt":"2022-10-16T15:41:34","guid":{"rendered":"https:\/\/eamp.lu\/?page_id=60"},"modified":"2026-01-14T18:21:51","modified_gmt":"2026-01-14T17:21:51","slug":"domainesactivites","status":"publish","type":"page","link":"https:\/\/eamp.lu\/index.php\/domainesactivites\/","title":{"rendered":"DomainesActivites"},"content":{"rendered":"<style>.kb-row-layout-id60_dedb32-91 > .kt-row-column-wrap{align-content:center;}:where(.kb-row-layout-id60_dedb32-91 > .kt-row-column-wrap) > .wp-block-kadence-column{justify-content:center;}.kb-row-layout-id60_dedb32-91 > .kt-row-column-wrap{column-gap:var(--global-kb-gap-md, 2rem);row-gap:var(--global-kb-gap-md, 2rem);padding-top:120px;padding-bottom:240px;grid-template-columns:minmax(0, calc(10% - ((var(--global-kb-gap-md, 2rem) * 2 )\/3)))minmax(0, calc(65% - ((var(--global-kb-gap-md, 2rem) * 2 )\/3)))minmax(0, calc(25% - ((var(--global-kb-gap-md, 2rem) * 2 )\/3)));}.kb-row-layout-id60_dedb32-91 > .kt-row-layout-overlay{opacity:0.80;background-color:var(--global-palette9, #ffffff);}.kb-row-layout-id60_dedb32-91 .kt-row-layout-bottom-sep{height:100px;}.kb-row-layout-id60_dedb32-91 .kt-row-layout-bottom-sep svg{width:100%;}.kb-row-layout-id60_dedb32-91 .kt-row-layout-bottom-sep svg{fill:#ffffff!important;}@media all and (max-width: 1024px){.kb-row-layout-id60_dedb32-91 > .kt-row-column-wrap > div:not(.added-for-specificity){grid-column:initial;}}@media all and (max-width: 1024px){.kb-row-layout-id60_dedb32-91 > .kt-row-column-wrap{grid-template-columns:minmax(0, 1fr) minmax(0, 6fr) minmax(0, 1fr);}}@media all and (max-width: 1024px){.kb-row-layout-id60_dedb32-91 .kt-row-layout-bottom-sep{height:px;}}@media all and (max-width: 1024px){.kb-row-layout-id60_dedb32-91 .kt-row-layout-bottom-sep svg{width:%;}}@media all and (max-width: 767px){.kb-row-layout-id60_dedb32-91 > .kt-row-column-wrap > div:not(.added-for-specificity){grid-column:initial;}.kb-row-layout-id60_dedb32-91 > .kt-row-column-wrap{grid-template-columns:minmax(0, 1fr);}.kb-row-layout-id60_dedb32-91 .kt-row-layout-bottom-sep{height:px;}.kb-row-layout-id60_dedb32-91 .kt-row-layout-bottom-sep svg{width:%;}}<\/style><div class=\"kb-row-layout-wrap kb-row-layout-id60_dedb32-91 aligncenter kt-row-has-bg wp-block-kadence-rowlayout\"><div class=\"kt-blocks-carousel kb-blocks-bg-slider kt-carousel-container-dotstyle-none\"><div class=\"kt-blocks-carousel-init splide kb-blocks-bg-slider-init kt-carousel-arrowstyle-none kt-carousel-dotstyle-none\" data-slider-anim-speed=\"400\" data-slider-type=\"slider\" data-slider-scroll=\"1\" data-slider-arrows=\"false\" data-slider-fade=\"true\" data-slider-dots=\"false\" data-slider-hover-pause=\"false\" data-slider-auto=\"true\" data-slider-speed=\"7000\" data-show-pause-button=\"false\"><div class=\"splide__track\"><ul class=\"splide__list\"><li class=\"splide__slide kb-bg-slide-contain\"><div  class=\"kb-bg-slide kb-bg-slide-0\" style=\"background-image:url(https:\/\/eamp.lu\/wp-content\/uploads\/2022\/11\/WhatsApp-Image-2022-10-26-at-15.48.44.MD_.jpeg); background-size:cover; background-position:center center; background-repeat:no-repeat;\"><\/div><\/li><li class=\"splide__slide kb-bg-slide-contain\"><div  class=\"kb-bg-slide kb-bg-slide-1\" style=\"background-image:url(https:\/\/eamp.lu\/wp-content\/uploads\/2022\/11\/WhatsApp-Image-2022-10-26-at-15.48.46-5.jpeg); background-size:cover; background-position:center center; background-repeat:no-repeat;\"><\/div><\/li><li class=\"splide__slide kb-bg-slide-contain\"><div  class=\"kb-bg-slide kb-bg-slide-2\" style=\"background-image:url(https:\/\/eamp.lu\/wp-content\/uploads\/2022\/11\/WhatsApp-Image-2022-10-26-at-15.48.46.MD_.png); background-size:cover; background-position:center center; background-repeat:no-repeat;\"><\/div><\/li><\/ul><\/div><\/div><\/div><div class=\"kt-row-layout-overlay kt-row-overlay-normal\"><\/div><div class=\"kt-row-layout-bottom-sep kt-row-sep-type-threelevels\"><svg viewBox=\"0 0 1000 100\" preserveAspectRatio=\"none\"><path style=\"opacity: 0.33\" d=\"M0 95L1000 0v100H0v-5z\"><\/path><path style=\"opacity: 0.66\" d=\"M0 95l1000-67.944V100H0v-5z\"><\/path><path d=\"M0 95l1000-40.887V100H0v-5z\"><\/path><\/svg><\/div><div class=\"kt-row-column-wrap kt-has-3-columns kt-row-layout-center-exwide kt-tab-layout-inherit kt-mobile-layout-row kt-row-valign-middle\">\n<style>.kadence-column60_f14b48-f3 > .kt-inside-inner-col{border-top-width:0px;border-right-width:0px;border-bottom-width:0px;border-left-width:0px;}.kadence-column60_f14b48-f3 > .kt-inside-inner-col,.kadence-column60_f14b48-f3 > .kt-inside-inner-col:before{border-top-left-radius:0px;border-top-right-radius:0px;border-bottom-right-radius:0px;border-bottom-left-radius:0px;}.kadence-column60_f14b48-f3 > .kt-inside-inner-col{column-gap:var(--global-kb-gap-sm, 1rem);}.kadence-column60_f14b48-f3 > .kt-inside-inner-col{flex-direction:column;}.kadence-column60_f14b48-f3 > .kt-inside-inner-col > .aligncenter{width:100%;}.kadence-column60_f14b48-f3 > .kt-inside-inner-col:before{opacity:0.3;}.kadence-column60_f14b48-f3{position:relative;}@media all and (max-width: 1024px){.kadence-column60_f14b48-f3 > .kt-inside-inner-col{flex-direction:column;justify-content:center;}}@media all and (max-width: 767px){.kadence-column60_f14b48-f3 > .kt-inside-inner-col{flex-direction:column;justify-content:center;}}<\/style>\n<div class=\"wp-block-kadence-column kadence-column60_f14b48-f3 inner-column-1\"><div class=\"kt-inside-inner-col\"><\/div><\/div>\n\n\n<style>.kadence-column60_47b5e5-6b > .kt-inside-inner-col{border-top-width:0px;border-right-width:0px;border-bottom-width:0px;border-left-width:0px;}.kadence-column60_47b5e5-6b > .kt-inside-inner-col,.kadence-column60_47b5e5-6b > .kt-inside-inner-col:before{border-top-left-radius:0px;border-top-right-radius:0px;border-bottom-right-radius:0px;border-bottom-left-radius:0px;}.kadence-column60_47b5e5-6b > .kt-inside-inner-col{column-gap:var(--global-kb-gap-sm, 1rem);}.kadence-column60_47b5e5-6b > .kt-inside-inner-col{flex-direction:column;}.kadence-column60_47b5e5-6b > .kt-inside-inner-col > .aligncenter{width:100%;}.kadence-column60_47b5e5-6b > .kt-inside-inner-col:before{opacity:0.3;}.kadence-column60_47b5e5-6b{position:relative;}@media all and (max-width: 1024px){.kadence-column60_47b5e5-6b > .kt-inside-inner-col{flex-direction:column;justify-content:center;}}@media all and (max-width: 767px){.kadence-column60_47b5e5-6b > .kt-inside-inner-col{flex-direction:column;justify-content:center;}}<\/style>\n<div class=\"wp-block-kadence-column kadence-column60_47b5e5-6b inner-column-2\"><div class=\"kt-inside-inner-col\"><style>.wp-block-kadence-advancedheading.kt-adv-heading60_91224d-1d, .wp-block-kadence-advancedheading.kt-adv-heading60_91224d-1d[data-kb-block=\"kb-adv-heading60_91224d-1d\"]{text-align:center;font-style:normal;}.wp-block-kadence-advancedheading.kt-adv-heading60_91224d-1d mark.kt-highlight, .wp-block-kadence-advancedheading.kt-adv-heading60_91224d-1d[data-kb-block=\"kb-adv-heading60_91224d-1d\"] mark.kt-highlight{font-style:normal;color:#f76a0c;-webkit-box-decoration-break:clone;box-decoration-break:clone;padding-top:0px;padding-right:0px;padding-bottom:0px;padding-left:0px;}.wp-block-kadence-advancedheading.kt-adv-heading60_91224d-1d img.kb-inline-image, .wp-block-kadence-advancedheading.kt-adv-heading60_91224d-1d[data-kb-block=\"kb-adv-heading60_91224d-1d\"] img.kb-inline-image{width:150px;vertical-align:baseline;}<\/style>\n<h1 class=\"kt-adv-heading60_91224d-1d wp-block-kadence-advancedheading\" data-kb-block=\"kb-adv-heading60_91224d-1d\">Domaines d\u2019activit\u00e9s<\/h1>\n\n\n<style>.wp-block-kadence-advancedheading.kt-adv-heading60_751a92-a5, .wp-block-kadence-advancedheading.kt-adv-heading60_751a92-a5[data-kb-block=\"kb-adv-heading60_751a92-a5\"]{text-align:center;font-style:normal;}.wp-block-kadence-advancedheading.kt-adv-heading60_751a92-a5 mark.kt-highlight, .wp-block-kadence-advancedheading.kt-adv-heading60_751a92-a5[data-kb-block=\"kb-adv-heading60_751a92-a5\"] mark.kt-highlight{font-style:normal;color:#f76a0c;-webkit-box-decoration-break:clone;box-decoration-break:clone;padding-top:0px;padding-right:0px;padding-bottom:0px;padding-left:0px;}.wp-block-kadence-advancedheading.kt-adv-heading60_751a92-a5 img.kb-inline-image, .wp-block-kadence-advancedheading.kt-adv-heading60_751a92-a5[data-kb-block=\"kb-adv-heading60_751a92-a5\"] img.kb-inline-image{width:150px;vertical-align:baseline;}<\/style>\n<p class=\"kt-adv-heading60_751a92-a5 wp-block-kadence-advancedheading\" data-kb-block=\"kb-adv-heading60_751a92-a5\"><strong>L\u2019Etude d\u2019avocats Marc PETIT est notamment sp\u00e9cialis\u00e9e, tant pour les conseils juridiques que pour le contentieux, dans les mati\u00e8res suivantes&nbsp;:<\/strong><\/p>\n\n\n\n<ul class=\"wp-block-list\">\n<li><strong>Droit civil (contrats, divorce, filiation, succession, etc.)<\/strong><\/li>\n\n\n\n<li><strong>Droit commercial<\/strong><\/li>\n\n\n\n<li><strong>Droit du bail \u00e0 loyer<\/strong><\/li>\n\n\n\n<li><strong>Droit du travail<\/strong><\/li>\n\n\n\n<li><strong>Droit p\u00e9nal<\/strong><\/li>\n\n\n\n<li><strong>Droit administratif<\/strong><\/li>\n\n\n\n<li><strong>Recouvrement des cr\u00e9ances<\/strong><\/li>\n\n\n\n<li><strong>Avis et conseils juridiques<\/strong><\/li>\n<\/ul>\n<\/div><\/div>\n\n\n<style>.kadence-column60_00ecff-c0 > .kt-inside-inner-col{border-top-width:0px;border-right-width:0px;border-bottom-width:0px;border-left-width:0px;}.kadence-column60_00ecff-c0 > .kt-inside-inner-col,.kadence-column60_00ecff-c0 > .kt-inside-inner-col:before{border-top-left-radius:0px;border-top-right-radius:0px;border-bottom-right-radius:0px;border-bottom-left-radius:0px;}.kadence-column60_00ecff-c0 > .kt-inside-inner-col{column-gap:var(--global-kb-gap-sm, 1rem);}.kadence-column60_00ecff-c0 > .kt-inside-inner-col{flex-direction:column;}.kadence-column60_00ecff-c0 > .kt-inside-inner-col > .aligncenter{width:100%;}.kadence-column60_00ecff-c0 > .kt-inside-inner-col:before{opacity:0.3;}.kadence-column60_00ecff-c0{position:relative;}@media all and (max-width: 1024px){.kadence-column60_00ecff-c0 > .kt-inside-inner-col{flex-direction:column;justify-content:center;}}@media all and (max-width: 767px){.kadence-column60_00ecff-c0 > .kt-inside-inner-col{flex-direction:column;justify-content:center;}}<\/style>\n<div class=\"wp-block-kadence-column kadence-column60_00ecff-c0 inner-column-3\"><div class=\"kt-inside-inner-col\"><div class=\"wp-block-image\">\n<figure class=\"aligncenter size-full\"><img loading=\"lazy\" decoding=\"async\" width=\"183\" height=\"276\" src=\"https:\/\/eamp.lu\/wp-content\/uploads\/2022\/10\/images1.jpg\" alt=\"\" class=\"wp-image-158\"\/><\/figure>\n<\/div><\/div><\/div>\n\n<\/div><\/div>\n\n\n<p><\/p>\n","protected":false},"excerpt":{"rendered":"<p>Domaines d\u2019activit\u00e9s L\u2019Etude d\u2019avocats Marc PETIT est notamment sp\u00e9cialis\u00e9e, tant pour les conseils juridiques que pour le contentieux, dans les mati\u00e8res suivantes&nbsp;:<\/p>\n","protected":false},"author":1,"featured_media":0,"parent":0,"menu_order":0,"comment_status":"closed","ping_status":"closed","template":"","meta":{"_kad_post_transparent":"","_kad_post_title":"","_kad_post_layout":"","_kad_post_sidebar_id":"","_kad_post_content_style":"","_kad_post_vertical_padding":"","_kad_post_feature":"","_kad_post_feature_position":"","_kad_post_header":false,"_kad_post_footer":false,"_kad_post_classname":"","footnotes":""},"class_list":["post-60","page","type-page","status-publish","hentry"],"_links":{"self":[{"href":"https:\/\/eamp.lu\/index.php\/wp-json\/wp\/v2\/pages\/60","targetHints":{"allow":["GET"]}}],"collection":[{"href":"https:\/\/eamp.lu\/index.php\/wp-json\/wp\/v2\/pages"}],"about":[{"href":"https:\/\/eamp.lu\/index.php\/wp-json\/wp\/v2\/types\/page"}],"author":[{"embeddable":true,"href":"https:\/\/eamp.lu\/index.php\/wp-json\/wp\/v2\/users\/1"}],"replies":[{"embeddable":true,"href":"https:\/\/eamp.lu\/index.php\/wp-json\/wp\/v2\/comments?post=60"}],"version-history":[{"count":15,"href":"https:\/\/eamp.lu\/index.php\/wp-json\/wp\/v2\/pages\/60\/revisions"}],"predecessor-version":[{"id":335,"href":"https:\/\/eamp.lu\/index.php\/wp-json\/wp\/v2\/pages\/60\/revisions\/335"}],"wp:attachment":[{"href":"https:\/\/eamp.lu\/index.php\/wp-json\/wp\/v2\/media?parent=60"}],"curies":[{"name":"wp","href":"https:\/\/api.w.org\/{rel}","templated":true}]}}